e -4*i - w = r - 21, -2*r = -8. Suppose 3*o + i = 92. What are the prime factors of o?
2, 3, 5
What are the prime factors of -2*1 - (960925/(-119) + -1 + -4)?
2, 7, 577
Let p(u) = 5*u**2 - 24*u - 7. Let s be p(5). Let n(b) = -152*b**3 - b + 2. List the prime factors of n(s).
2, 5, 61
Suppose -2*t + j = -4*j - 19, -j - 3 = 0. Suppose 2*g = 2*y + 1116, t*y = 3*g - 781 - 892. List the prime factors of g.
557
Suppose 20472*t - 20463*t - 68229 = 0. What are the prime factors of t?
3, 7, 19
Let f(c) = 521*c - 884. List the prime factors of f(23).
11, 1009
Let d(p) = -52*p**3 - 2*p**2 - 3*p - 11. Let w be d(-3). Let j = 2077 - w. What are the prime factors of j?
3, 7, 11
Let p be (-3 + 5)*(-1 + 2). Let w(i) = 41 - 4*i - i**2 - 6*i**3 + p*i + 5*i**3. List the prime factors of w(0).
41
Let d(r) = -r**3 + 37*r**2 + 44*r + 92. What are the prime factors of d(28)?
2, 5, 419
Suppose 24076 = 4*c - 5*s, -7*c - 30066 = -12*c - s. What are the prime factors of c?
2, 31, 97
Let u be (120/(-9))/8*-39. Suppose -11 + u = -6*p. Let v(b) = -16*b - 73. What are the prime factors of v(p)?
71
Let y = 53177 + -25203. What are the prime factors of y?
2, 71, 197
Let h(g) = -2*g**3 - 13*g**2 - 27*g - 1. Suppose 30*m + 181 + 179 = 0. List the prime factors of h(m).
1907
Let g = -51206 + 99116. What are the prime factors of g?
2, 3, 5, 1597
Suppose -785 + 12017 = 3*s. Suppose 0*i = 16*i - s. Let h = i + -21. List the prime factors of h.
3, 71
Let n be -9 + 5 - (-1 + -8). Suppose 0 = -4*l + 4*f + 32, -n*l - f = f - 33. What are the prime factors of -3 - -180 - (l - 7)?
3, 59
Let t(f) = 1717*f**3 + 14*f**2 - 24*f + 8. List the prime factors of t(2).
2, 3, 191
Let h(w) = 16 + 18 - 8 + w - 5 + 3*w. Let d(g) = -11*g - 3. Let t be d(-2). List the prime factors of h(t).
97
Let x = -39561 + 69896. What are the prime factors of x?
5, 6067
Let f = -38 - -42. Suppose 13*d + f*a + 101 = 16*d, -a = -d + 32. What are the prime factors of d?
3
Suppose 702093 = 22*f + 3*f - 4*f. List the prime factors of f.
67, 499
Let t(k) = 14*k**3 - k**2 + k. Let u be t(1). Suppose -u*l = -2084 - 114. List the prime factors of l.
157
Suppose 2*g + 4*u = -2*g + 28, g - u = 3. Suppose -l - g = 0, 5*s + l + 1020 = -0*l. Let a = -119 - s. What are the prime factors of a?
2, 3, 7
Suppose -4*z + 64 = -4*c, 2*z - 4*c + 16 = 50. What are the prime factors of (z/6 + -4)*(3 + -97)?
3, 47
Let q(p) = -75*p**3 + 8*p**2 + 16*p + 3. What are the prime factors of q(-2)?
3, 67
Let l = -4191 + 8274. What are the prime factors of l?
3, 1361
Let n(c) = -1439*c - 2613. List the prime factors of n(-5).
2, 29, 79
Let t = 19958 + 4232. What are the prime factors of t?
2, 5, 41, 59
Let v = 41516 - 16844. List the prime factors of v.
2, 3, 257
Let r(f) = 6*f**2 + 10*f + 358. What are the prime factors of r(-36)?
2, 13, 23
Let x = 322 + -295. Suppose -24*o - 2760 = -x*o. What are the prime factors of o?
2, 5, 23
Let u be 323 - (4 + -5)*-4. Suppose 0 = -2*t - 7*x + 4*x - 207, -3*t = -4*x + u. Let q = t - -237. List the prime factors of q.
2, 3, 11
Suppose 0 = 5*d + 107 + 978. Let y = -472 + 326. Let t = y - d. What are the prime factors of t?
71
Let t = -8393 - -9544. List the prime factors of t.
1151
Let q(g) = 9*g**2 + 8*g - 27. Suppose -m - 3*w + 18 = w, 2*w = 2*m - 6. What are the prime factors of q(m)?
3, 5, 23
Let c(g) be the first derivative of -g**4/4 - 3*g**3 - 9*g**2/2 - 3*g - 8. Let a be c(-10). Suppose 2*s + a = 3*s. List the prime factors of s.
11, 17
Let t be (-1410)/(-27) - -6*2/(-54). Suppose 53*r - 353 = t*r. What are the prime factors of r?
353
Let d be 3/((-23)/(-7521)*1/1). Let n = -29 + d. What are the prime factors of n?
2, 7, 17
What are the prime factors of 1162/(-249)*(-2922)/4?
7, 487
Let w be (-10)/6*(2 - (-65)/5). Let j = w + 29. Suppose -q + t + 4 = 0, 4*q - 5*q = j*t + 6. List the prime factors of q.
2
Suppose 1239 + 756 = 15*v. Suppose 140*d - 2240 = v*d. List the prime factors of d.
2, 5
Suppose 5*r - 12935 = 5*j, r - 63 - 2536 = 5*j. What are the prime factors of r?
2, 17, 19
Suppose -2*i - 5*d + 29 = 0, 18 - 3 = 3*d. Suppose -i*a + 4*n = -958, 3*a + 0*n = 2*n + 1445. List the prime factors of a.
3, 7, 23
Let w(t) = t**3 - t**2 - 5. Let g be w(2). Let n be (4/(-26))/g - 2/13. Suppose -c + 48 = 3*j, n = 3*c + 2*j - 6*j - 144. List the prime factors of c.
2, 3
Let j(w) = -40*w**3 + 4*w**2 - 9*w + 22. List the prime factors of j(-6).
2, 5, 443
Suppose 6904*c - 6909*c + 193492 = 2*h, -290288 = -3*h + 5*c. List the prime factors of h.
2, 3, 11, 733
Let n(l) = 360*l**2 + 6*l + 3. Suppose -4*m + 1 = w + 7, 2*m - 4 = 3*w. What are the prime factors of n(m)?
3, 7, 17
Suppose -y - 2*a + 23203 = -24962, 2*a = 12. List the prime factors of y.
3, 7, 2293
Let r(q) = -5 - 3*q - q - 2. Let f = 2428 + -2441. What are the prime factors of r(f)?
3, 5
Let o be (20/(-50))/(298/100 + -3). Suppose -o*r + 8670 = 10*r. What are the prime factors of r?
17
Suppose -16*q + 18*q - 5017 = -h, -4*q = 3*h - 10033. Suppose 15*v = 1241 + q. What are the prime factors of v?
2, 5
Let n(r) = 160*r - 1710. What are the prime factors of n(25)?
2, 5, 229
What are the prime factors of 5/(-2)*(-304)/(-380)*-2984?
2, 373
Let r = 178 + -87. List the prime factors of r + (-11)/(33/18).
5, 17
Let o be -7 + (0 - (-3 + -561)). Let w = o + -257. List the prime factors of w.
2, 3, 5
Let n(o) be the second derivative of -o**4/12 + o**2/2 + 17*o. Let x be n(1). Suppose x = -6*q + 880 - 184. What are the prime factors of q?
2, 29
Let b(t) = 431*t + 5811. What are the prime factors of b(-13)?
2, 13
Suppose -2*a = 3*c - 20, 2*c - 2*a - 28 = -c. Suppose -1412 = -c*x + 196. What are the prime factors of x?
3, 67
Suppose -3 = a, -5*g + 11736 = 5*a + 2391. What are the prime factors of g?
2, 3, 13
Let a = 11 + -8. Suppose 14 = -a*y + 20. Suppose y*c = -4*c + 522. What are the prime factors of c?
3, 29
Let i be 2/10 + (6/(-5) - -2). List the prime factors of (-18 + 49)*i/(3 + -2).
31
List the prime factors of (-1348624)/(-186) - (-2 - (-24)/9).
2, 5, 29
Suppose -34702 + 376 = -x + m, -3*x + m = -102978. List the prime factors of x.
2, 3, 1907
Suppose 741 = 6*c + 723. Suppose -4*n + c*m = -588, -3*n + 128 = 5*m - 342. List the prime factors of n.
2, 3, 5
Suppose -3*w = 5*f - 48278, 4*f - 11*w - 38652 = -6*w. List the prime factors of f.
2, 11, 439
Suppose -126 = -5*t + 109. Let p = t + -43. Suppose -2*d + 30 = 2*n - p, -4*d + n = -83. What are the prime factors of d?
2, 5
Let i(d) be the first derivative of d**3/3 + 5*d**2/2 - 36*d + 11. Let q be i(8). Suppose 4*m - 88 = -4*v + q, -4*m = 0. List the prime factors of v.
3, 13
Let j = 14609 + 2492. What are the prime factors of j?
7, 349
What are the prime factors of ((-2)/(-4))/(36/(-1200))*-138?
2, 5, 23
Suppose -m - 2*t = 90 - 10, 2*m - 5*t + 124 = 0. Let g = 109 + m. List the prime factors of g.
37
Let r = -28538 - -57887. What are the prime factors of r?
3, 1087
Let v(l) be the first derivative of 2*l**3/3 - 2*l - 23. Let f be v(2). Suppose 8*h - 108 = f*h. What are the prime factors of h?
2, 3
Let j = -176 - -118. Let w(v) = 102*v**2. Let a be w(-1). Let r = j + a. List the prime factors of r.
2, 11
Let z(i) = 21*i - 84. Let s(c) = -5*c + 21. Let g(l) = 22*s(l) + 6*z(l). Let y be g(12). Suppose 3*k = 2*k + y. List the prime factors of k.
2, 3, 5
Suppose 9*f - 32903 = -7073. Suppose 12434 - f = 12*q. What are the prime factors of q?
797
List the prime factors of (461 + 2)/((-42)/336)*3/(-2).
2, 3, 463
Suppose -j + 69249 = -3*y, 0 = 23*y - 26*y + 21. List the prime factors of j.
2, 3, 5, 2309
Suppose -61*b = -53*b - 24. Suppose 5*m + 5*v + 1712 = 7*m, -b*m = -v - 2594. List the prime factors of m.
2, 433
Let p = -6833 - -8855. What are the prime factors of p?
2, 3, 337
Let v(m) = -13014*m - 6243. List the prime factors of v(-4).
3, 15271
Suppose 19*s = 15*s + 2*a + 10, -4*s + 13 = -5*a. List the prime factors of ((-224)/s)/(-8)*60/14.
2, 3, 5
Suppose 430*a = 428*a - 4*y + 64968, -a - 3*y = -32485. List the prime factors of a.
2, 109, 149
Let j(f) = -f**2 - 8*f + 2. Let c be j(-9). List the prime factors of c + 1 - (-12 + -342).
2, 3, 29
Let p = -5546 + 5591. List the prime factors of p.
3, 5
Let g = 118566 - 61090. What are the prime factors of g?
2, 14369
What are the prime factors of (-592)/6*(-749 -